- 2. Determine d(-2).
2
Let b(o) = -7*o**2 - o + 2. What is b(-2)?
-24
Let m(u) = -u**3 - 6*u**2 - u + 21. Calculate m(-5).
1
Let r(x) = x**3 - 9*x**2 - 5*x + 11. Give r(10).
61
Let w(r) = -15*r - 576. Calculate w(-38).
-6
Let k(s) = -s**3 - 9*s**2 - 4*s + 69. Calculate k(-7).
-1
Let w(n) = -n**3 - 18*n**2 - 80*n - 95. Calculate w(-12).
1
Let q(m) = -6*m - 23. Determine q(-12).
49
Let u(q) = -q**2 + 41*q - 113. Determine u(3).
1
Let f(g) = 26*g - 132. What is f(5)?
-2
Let h(j) = j + 21. Calculate h(15).
36
Let v(w) = -w**3 - 4*w**2 - 5*w - 4. Give v(-4).
16
Let a(t) = 3*t**2 + t - 2. Give a(2).
12
Let y(o) = -o**2 - 2*o - 1. Give y(-4).
-9
Let a(k) = k**3 + 16*k**2 - 58*k - 28. Give a(-19).
-9
Let p(z) = -8*z**3 + 1. Determine p(1).
-7
Let o(d) = d**2 + 2*d + 5. Give o(5).
40
Let l(j) = 8*j**2 + 5*j. What is l(-1)?
3
Let g(a) = 67*a**3 - 2*a**2 + 1. Calculate g(-1).
-68
Let d(n) = 8*n - 13. What is d(0)?
-13
Let k(w) = 5*w**2 - 15*w - 4. Give k(4).
16
Let m(h) = h**3 + h + 8. Calculate m(0).
8
Let m(s) = 9*s + 63. Give m(-8).
-9
Let a(y) = 13*y - 2. Determine a(2).
24
Let r(w) = -w**3 - 35*w**2 - 197*w - 38. What is r(-28)?
-10
Let l(o) = o**2 + o + 3. Calculate l(4).
23
Let n(i) = -i - 32. What is n(0)?
-32
Let f(b) = -b**3 + 32*b**2 - 134*b - 26. Determine f(27).
1
Let w(h) = -h**2 + 6*h - 6. What is w(1)?
-1
Let n(r) = -r**2 + r + 9. Determine n(-5).
-21
Let w(q) = 2*q**2 + q - 3. Determine w(2).
7
Let y(g) = g**2 + 5*g + 2. Determine y(-2).
-4
Let b(a) = 3*a + 16. Determine b(-6).
-2
Let a(l) = -11*l**2 + 2*l + 4. What is a(-3)?
-101
Let n(w) = w + 10. Determine n(-5).
5
Let w(x) = -x**2 - 13*x - 11. Give w(-12).
1
Let d(w) = 6*w - 10. Calculate d(5).
20
Let n(h) = -6*h - 121. Give n(-21).
5
Let x(g) = -g**2 - 16*g - 17. Give x(-15).
-2
Let x(t) = t**2 + 15*t + 2. Give x(-13).
-24
Let v(y) = y**3 - 23*y**2 + 21*y + 30. Determine v(22).
8
Let f(r) = -r**2 + 21*r - 90. Calculate f(15).
0
Let d(k) = 2*k**3 - 5*k**2 - 6*k. Determine d(-3).
-81
Let x(o) = -o**3 - o**2 + o - 15. What is x(0)?
-15
Let b(w) = -w**2 - 18*w - 30. Calculate b(-16).
2
Let t(j) = -2*j**3 - 10*j**2 - 3*j - 15. Determine t(-5).
0
Let n(p) = p**3 + 9*p**2 + 12*p + 6. What is n(-8)?
-26
Let l(c) = 18*c**3 - 2*c**2 - 7*c - 5. Determine l(-1).
-18
Let g(c) = 62*c - 730. Give g(12).
14
Let b(i) = i**3 + 13*i**2 - 17*i - 47. Calculate b(-14).
-5
Let t(k) = k**2 + 5*k - 5. Give t(-3).
-11
Let a(l) = -l**2 - l - 34. Determine a(-10).
-124
Let o(p) = -2*p**2 - 16*p - 8. What is o(-7)?
6
Let a(y) = -y**3 + 3*y**2 + 4*y + 5. Determine a(-2).
17
Let x(m) = 2*m**3 - m**2 - 4*m + 2. Determine x(0).
2
Let i(p) = -4*p**2 - 43*p - 102. Give i(-4).
6
Let x(n) = n**3 + 13*n**2 + 27*n + 35. Give x(-10).
65
Let f(h) = 37*h - 1. Give f(-1).
-38
Let s(m) = m**3 - 17*m**2 - 3. Determine s(17).
-3
Let m(h) = 4*h**3 + 2*h**2 + 5*h + 4. What is m(-1)?
-3
Let f(o) = -o**3 + 7*o**2 - 5*o - 18. Determine f(6).
-12
Let f(h) = h**2 + 11*h - 8. Give f(-7).
-36
Let y(z) = -11*z + 12. Give y(5).
-43
Let y(b) = -b**3 + 10*b**2 + 7*b - 14. Give y(11).
-58
Let b(i) = 6*i - 201. What is b(32)?
-9
Let j(h) = 18*h - 15. Give j(1).
3
Let f(a) = -5*a - 19. Determine f(-8).
21
Let y(g) = -15*g + 11. Determine y(1).
-4
Let d(k) = -2*k**3 - 15*k**2 - 4*k - 22. Calculate d(-7).
-43
Let g(v) = -5*v**3 + 1. Give g(-1).
6
Let d(x) = x**3 - 6*x**2 - x - 5. Determine d(5).
-35
Let d(y) = 4*y - 4. Determine d(7).
24
Let w(v) = 26*v + 75. What is w(-3)?
-3
Let p(k) = -13*k - 62. Calculate p(-4).
-10
Let r(o) = 3*o - 8. What is r(4)?
4
Let m(x) = 2*x**3 - x**2 + x + 6. What is m(-3)?
-60
Let l(i) = i - 13. Determine l(10).
-3
Let m(z) = z - 16. Determine m(-9).
-25
Let j(k) = -2*k - 18. Determine j(-7).
-4
Let l(v) = -v**2 + 22*v - 45. Determine l(19).
12
Let l(o) = -7*o - 23. What is l(-4)?
5
Let k(b) = -b**3 + 10*b**2 - 9*b + 6. What is k(8)?
62
Let u(v) = -v**3 + 11*v**2 - 4*v - 51. What is u(10)?
9
Let k(c) = -c**3 + 11*c**2 + 8*c + 27. Calculate k(12).
-21
Let g(y) = -y**3 - 11*y**2 + 24*y - 1. Give g(-13).
25
Let n(f) = 3*f**2 + 4*f - 2. What is n(-2)?
2
Let c(s) = -s + 1. Give c(-10).
11
Let b(x) = 17*x - 229. Calculate b(13).
-8
Let v(g) = -10*g + 10. Determine v(-5).
60
Let c(a) = a**3 + 24*a**2 + 28*a + 96. Give c(-23).
-19
Let a(u) = -2*u**2 - 8*u + 3. What is a(-7)?
-39
Let r(w) = -2*w**2 - 4*w + 1. Calculate r(-2).
1
Let y(g) = -g**3 + 4*g**2 - 2*g - 1. Give y(3).
2
Let d(y) = -26*y**3 + y**2 - 1. What is d(-1)?
26
Let v(k) = 5*k - 49. Give v(11).
6
Let v(c) = c**3 + 7*c**2 + 7*c + 18. Calculate v(-6).
12
Let y(z) = 2*z**2 + 30*z + 52. Give y(-11).
-36
Let w(q) = q**3 - 13*q**2 + 3*q - 25. What is w(13)?
14
Let p(n) = -n**2 - 9*n + 1. Calculate p(-7).
15
Let p(i) = 11*i + 73. Determine p(-8).
-15
Let c(l) = 2*l - 6. Determine c(8).
10
Let r(c) = c**3 + 3*c**2 - 12*c - 1. Determine r(-5).
9
Let h(l) = -l**3 + 2*l**2 + 14*l + 7. Give h(5).
2
Let t(i) = -3*i**2 + 6*i - 5. Determine t(3).
-14
Let c(t) = t + 45. Give c(-4).
41
Let r(y) = -75*y + 294. Calculate r(4).
-6
Let v(y) = y**3 - 14*y**2 - y + 18. Give v(14).
4
Let o(l) = l**2 + 3*l + 1. Calculate o(-5).
11
Let w(h) = 2*h**2 + 38*h + 51. Give w(-18).
15
Let j(p) = 7*p**2 - p + 1. Determine j(2).
27
Let l(h) = -h + 8. Give l(-10).
18
Let l(r) = 3*r**2 - 4. Determine l(-3).
23
Let x(v) = -v**3 - 5*v**2 - 2*v + 1. Give x(-4).
-7
Let p(i) = 5*i**2 + 7*i + 25. What is p(-6)?
163
Let q(f) = f**3 - 41*f**2 + 43*f - 103. Determine q(40).
17
Let o(l) = 4*l + 34. Calculate o(-14).
-22
Let r(u) = -u**2 + 11*u + 27. Determine r(13).
1
Let s(b) = 11*b + 12. Give s(6).
78
Let j(d) = -7*d**2 - 315*d + 4. Calculate j(-45).
4
Let v(x) = -18*x**2 + 12*x - 27. Determine v(2).
-75
Let m(t) = -21*t + 59. What is m(3)?
-4
Let r(y) = y**2 + 9*y. Determine r(-10).
10
Let u(q) = q + 2. Give u(7).
9
Let a(c) = 3*c**2 - 28*c + 1. What is a(9)?
-8
Let k(x) = 2*x - 6. Determine k(-5).
-16
Let n(k) = k + 8. What is n(-8)?
0
Let n(r) = 38*r - 700. Give n(19).
22
Let w(n) = -2*n**2 - 5*n. Calculate w(-4).
-12
Let z(m) = -m**3 + 2*m**2 - 3*m + 1. Determine z(1).
-1
Let n(o) = -o - 6. Give n(-29).
23
Let t(v) = v**3 - 18*v**2 + 33*v - 16. Calculate t(16).
0
Let i(a) = -244*a + 1213. Give i(5).
-7
Let d(s) = -4*s - 22. Determine d(-7).
6
Let r(f) = 15*f + 9. Determine r(-4).
-51
Let b(t) = 19*t + 37. Determine b(-9).
-134
Let x(a) = -a**3 - 23*a**2 + 50*a + 5. What is x(-25)?
5
Let u(i) = -5*i**2 + i - 2. Calculate u(-2).
-24
Let u(k) = k**3 - 4*k**2 - 2*k - 9. Calculate u(5).
6
Let p(j) = -j**3 - 15*j**2 - j - 4. Calculate p(-15).
11
Let w(m) = 29*m + 1. Calculate w(1).
30
Let s(j) = -2*j - 5. Determine s(-9).
13
Let j(c) = -c**2 + 8*c + 21. Determine j(9).
12
Let a(t) = t**3 + 13*t**2 - 23*t - 22. What is a(-15)?
-127
Let u(t) = -2*t - 18. Determine u(-6).
-6
Let c(n) = n**2 - 5*n + 6. What is c(5)?
6
Let u(j) = 4*j**2 - j - 7. Give u(-2).
11
Let b(u) = u**2 - 14*u - 2. What is b(9)?
-47
Let p(f) = -2*f - 9. Determine p(5).
-19
Let f(u) = u**2 + 9*u + 12. Calculate f(-5).
-8
Let h(r) = -r**2 - 11*r + 21. Calculate h(-12).
9
Let y(t) = -17*t - 3. Determine y(-1).
14
Let u(c) = -c + 14. Give u(15).
-1
Let w(l) = l**2 - 4*l - 2. Give w(9).
43
Let l(c) = -c**3 - 22*c**2 + 24*c + 28. What is l(-23)?
5
Let b(m) = m**3 - 3*m**2 - m - 7. What is b(3)?
-10
Let w(d) = d**2 - 18*d + 73. What is w(8)?
-7
Let d(w) = -w**2 - 23*w + 1. Determine d(-23).
1
Let s(f) = 2*f - 6. What is s(-7)?
-20
Let c(l) = 17*l + 64. Calculate c(-4).
-4
Let z(u) = -u**3 - 8*u**2 - u + 9. What is z(-5)?
-61
Let r(m) = -m - 1. Calculate r(-3).
2
Let z(w) = -4*w - 17. Calculate z(-6).
7
Let u(c) = -6*c + 15. What is u(3)?
-3
Let f(y) = 2*y**3 - 5*y**2 + 2*y + 1. What is f(2)?
1
Let a(c) = c**2 - 3*c - 1. Calculate a(-7).
69
Let d(f) = f - 19. Give d(-8).
-27
Let j(o) = -o**3 - 8*o**2 - o - 6. Determine j(-7).
-48
Let q(y) = 5*y + 23. What is q(2)?
33
Let x(j) = 39*j - 207. Determine x(5).
-12
Let g(s) = -52*s - 2. What is g(-1)?
50
Let q(r) = -r**2 - 2*r + 3. What is q(6)?
-45
Let m(f) = 13*f + 71. What is m(-6)?
-7
Let d(b) = -b**2 + 3*b + 18. Give d(6).
0
Let r(f) = 2*f + 6. Determine r(4).
14
Let g(h) = h**3 + 17*h**2 - 34*h + 44. Determine g(-19).
-32
Let u(q) = 2*q + 5. Give u(9).
23
Let o(s) = 5*s + 5. What is o(5)?
3